. What is the greatest common factor of 8 and l?
8
Suppose 5*q = 5*l + 70, 25 = 4*q - 2*q - l. Let c(a) = a**3 - 10*a**2 - 12*a + 14. Let u be c(q). Calculate the highest common factor of 21 and u.
3
Suppose 3*w = -3*b + 351, 5*b - 3*w + 245 - 854 = 0. Calculate the greatest common factor of 24 and b.
24
Suppose -2*d = -4*d - 24. Let z be d*(1 - 6/4). Suppose 0 = 4*i + 2*o - 6*o - 40, -2*i - 4*o = 4. Calculate the greatest common factor of z and i.
6
Let g(s) = 2*s**2 - 2*s - 15. Let n be g(-5). Calculate the greatest common divisor of 5 and n.
5
Let m = -5 + 37. Let q = -12 - -20. Calculate the greatest common factor of m and q.
8
Let p be 2 + -4 - (-84 + 0 + 1). Calculate the greatest common divisor of p and 9.
9
Let k = -135 + 165. Calculate the highest common factor of k and 15.
15
Let o = -109 + 191. Suppose 5*z - o - 48 = 0. Calculate the greatest common factor of z and 104.
26
Let p be -1 + (3 - 1/1). Let h be 3/p*(1 + 0). Let l = 71 + -47. What is the highest common divisor of h and l?
3
Let d be 1 + 2/2 + 0. Let y be (4/d)/(4/22). Suppose 3*i = -2 + 5. What is the highest common divisor of i and y?
1
Let y(h) = 50*h + 50. Let a(r) = -7*r - 7. Let f(v) = -44*a(v) - 6*y(v). Let m be f(7). Calculate the greatest common divisor of 8 and m.
8
Suppose -2*c + 3*b = b + 10, -5*b = 3*c + 23. Let f(x) = x + 11. Let p be f(c). Let i be p/(-15) + 13/3. What is the highest common divisor of i and 20?
4
Suppose -6*b = -5*b. Suppose -96 = -4*i - b*i. Calculate the greatest common factor of 12 and i.
12
Let i(r) = -2*r**3 - 5*r**2 + 5*r + 5. Let h be i(-4). Suppose -4*k + 88 = -0*k. Calculate the highest common factor of h and k.
11
Let p be (1/(-6)*10)/((-1)/6). Suppose 2*x = 5 - 1. Suppose 0 = -5*v - 2*f + 108, -v - x*f = -32 + 4. What is the highest common divisor of v and p?
10
Suppose r - 2*f - 29 = 0, 6 + 2 = 4*f. Let n(s) = s + 6. Suppose -37 = -5*o - 12. Let g be n(o). What is the greatest common divisor of r and g?
11
Suppose 4*b = 5*s + 5, 5*b - 14 = -s + 14. What is the greatest common divisor of 24 and s?
3
Let k be (0/(-1 + -3))/(-2). Suppose -4*n = k, b = 5*n + 3 - 0. What is the highest common divisor of 9 and b?
3
Let y(a) = -a**2 - 17*a + 12. Let n(j) = -j**2 - 16*j + 11. Let r(z) = 7*n(z) - 6*y(z). Let x be r(-9). Calculate the greatest common factor of x and 112.
14
Let l be 12*4/6*(-6)/(-4). Let p(h) = -h**3 - 5*h**2 + 7*h - 1. Let g be p(-6). Let y = g + l. Calculate the greatest common divisor of y and 55.
5
Suppose d - h = 3*d - 163, d = -5*h + 95. Calculate the highest common factor of d and 10.
10
Let g = 7 + -4. Suppose 5*p + 4 - 14 = 0. Calculate the greatest common factor of p and g.
1
Let s(b) = -b**3 - b**2 + b + 13. Let k be s(0). What is the highest common divisor of k and 52?
13
Let k be (2 - 1 - -108) + -5 + 6. Let b(m) = 6*m**2 + 2*m - 3. Let s be b(2). Let g = s + -3. Calculate the greatest common factor of k and g.
22
Let g be 14 + 4/6*3. Suppose g = -0*j + 4*j. Suppose -c + 6 = -u, 2*c + u = j*c - 11. Calculate the greatest common factor of c and 55.
5
Let y(h) = h**2 - 9*h - 2. Let t be y(5). Let x = -13 - t. Suppose 5*f - 228 = -3*c, -c + 2*f + 87 = -0*f. What is the greatest common divisor of c and x?
9
Let v be (-6)/18*(-1 + 7). Let u be (-484)/(-8) - v/(-4). Suppose 0 = -x - 0*x + 12. What is the highest common factor of x and u?
12
Suppose 32 = -0*t - t. Let r be (t/10)/(4/(-80)). Let y = 71 - 63. Calculate the highest common factor of r and y.
8
Let w(z) = 2 + 11*z + 0*z**3 - 3*z**2 + 8*z**2 - z**3 - 4*z. Let y be w(6). What is the highest common divisor of y and 56?
8
Let z(l) be the first derivative of 2*l**3/3 + l**2 + 4*l - 2. Let i be z(-3). What is the greatest common divisor of 176 and i?
16
Suppose 0 = 4*a - 2*b + 18, -b + 6*b + 33 = -3*a. Let p be ((-20)/15)/(2/a). What is the highest common factor of 36 and p?
4
Suppose 8 + 7 = 5*z. Let t(d) = -8*d - 16. Let h be t(-9). Suppose -344 = -z*f - h. Calculate the highest common factor of 12 and f.
12
Suppose 3*f = -3*b - 6, 7*b + 10 = 2*f + 2*b. Suppose f = -2*h - 2*h + 140. What is the highest common factor of h and 14?
7
Let b = 51 + -6. Let s be 1 + 4/(-4) + b. Suppose -3*n - 4*c = -0*n - 45, -n - c + 15 = 0. Calculate the greatest common divisor of s and n.
15
Suppose -2*d - 148 = -2*z, 2*d + 212 = 3*z + d. Suppose 2*u - 54 = -v + 4*u, 3*v = -u + 134. What is the greatest common factor of z and v?
23
Let n(g) = -3*g - 13. Let c be n(-7). Calculate the highest common divisor of 16 and c.
8
Suppose -2*q = -0*q - 14. Suppose 0 = 6*t - 4*t. Suppose -38 = -2*l + x - 9, -l - 3*x + 11 = t. What is the greatest common divisor of l and q?
7
Let t = 7 - 0. Let w = t + -4. Suppose -17 = -2*x + 3*a, -2*x = 5*a + w - 44. What is the greatest common divisor of x and 26?
13
Let r(k) = 3*k - 6. Let p = -6 + 11. Let w be r(p). Calculate the greatest common factor of 63 and w.
9
Let n be 21 - (0 - (3 + -3)). Let u(g) = g**3 + 3*g**2 + 2*g - 3. Let h be u(-3). Let l be h/(109/56 + -2). What is the greatest common divisor of l and n?
21
Suppose -5*o = -59 + 4. Let a = -43 - -98. Calculate the greatest common divisor of a and o.
11
Let p(q) = -3*q + 8. Let r be p(-4). Calculate the greatest common divisor of r and 60.
20
Suppose 0 = 8*y - 39 - 201. Calculate the highest common divisor of 10 and y.
10
Let p be (-75)/12 - (-1)/4. Let b be 5/(-10) - p/4. Calculate the greatest common factor of b and 3.
1
Suppose n = -4*n - 10. Let x = -1 - n. Suppose 4*m - x = z + 2*z, -4*m = -4*z. Calculate the greatest common factor of 8 and z.
1
Suppose 13*k - 115 - 2 = 0. Let t be (-3)/(1 + (-1)/(-2)). Let o = k - t. Calculate the highest common divisor of 11 and o.
11
Let z(s) = s**3 + 3*s**2 - 5*s - 2. Let u = -4 - -1. Let t be z(u). What is the highest common divisor of t and 143?
13
Let y = 40 - 36. Let l = -27 + 47. What is the greatest common factor of y and l?
4
Suppose 3*n - 721 = -5*w, -3*n + 8*n - 296 = -2*w. Let m = w - 80. Calculate the highest common divisor of m and 9.
9
Suppose -2 = -u + 5. Suppose 24 = -3*k + u*k. Suppose -2*f = -y - 55, 4*f - 95 = 3*y + 2*y. Calculate the greatest common divisor of k and f.
6
Let q(i) = i**2 - 2*i + 6. Let d be q(-3). Let r(n) = -n**2 + n + 3. Let k be r(0). Calculate the highest common factor of d and k.
3
Let t(w) = -w**3 + 8*w**2 + 5*w - 6. Let n be t(7). Calculate the highest common divisor of n and 39.
39
Let r(d) = d**3 + 4*d**2 + d + 2. Let x be r(-2). Suppose 5*w - 3*w = -18. Let m = -1 - w. Calculate the highest common divisor of m and x.
8
Suppose 5*h = 2*h - t + 498, -2*h + t = -327. Calculate the highest common factor of h and 55.
55
Let i be 9*(-6)/(-45)*5. What is the greatest common divisor of 4 and i?
2
Suppose 295 + 485 = -4*b. Let l = -80 - b. What is the greatest common divisor of l and 23?
23
Suppose -157 + 25 = -3*x. Let k = 74 + -46. Let z = k + -24. Calculate the greatest common divisor of x and z.
4
Let g be (-1 + (-1 - 7))*-3. Calculate the highest common divisor of 297 and g.
27
Let c be (-4)/(-4*2)*200. Suppose 3*u - 436 = -2*l - c, -5*l = -2*u - 802. What is the highest common factor of l and 27?
27
Let a be ((-36)/21)/(20/(-350)). What is the greatest common factor of a and 40?
10
Let q(i) = -6*i - 6. Let r be q(-6). Suppose 0 = 3*w + 2*w - 20. Let g be 118/8 - w/(-16). What is the greatest common factor of g and r?
15
Suppose -o = -4*o - p + 26, 5*o - 5*p - 70 = 0. Calculate the highest common factor of 50 and o.
10
Let t be 12/10*20/6. Let f be 0 + 0/(-2) - 1. Let l be 7 + (f - (-2 + 0)). What is the highest common divisor of t and l?
4
Suppose 2*w - f + 9 = 36, -10 = -2*f. What is the highest common factor of w and 8?
8
Let o be (-125 + -3)*6/(-8). Let x = 55 - 43. What is the greatest common factor of x and o?
12
Let s be (-110)/(-2)*36/30. Suppose 3*d + 0*d = s. Let m = 354 + -112. What is the highest common factor of m and d?
22
Let y = 57 + -39. Let d(q) = -q**3 - q**2 + 5*q - 1. Let h(r) = r**2 - 5*r + 2. Let o be h(3). Let n be d(o). Calculate the highest common factor of n and y.
9
Suppose 0 = -5*z - 3*h + 23, 3*h - h - 18 = -4*z. Suppose -4*x = 4*k - 44, -z*x + k = -x - 45. Calculate the highest common factor of x and 154.
14
Suppose j = -7*j + 520. Suppose 2 = -3*k + 65. Let y = k + -8. W